{"id":434,"date":"2021-09-06T14:47:16","date_gmt":"2021-09-06T12:47:16","guid":{"rendered":"http:\/\/im.edu.pl\/konkurs\/?page_id=434"},"modified":"2021-09-06T14:48:22","modified_gmt":"2021-09-06T12:48:22","slug":"patronat","status":"publish","type":"page","link":"http:\/\/im.edu.pl\/konkurs\/patronat\/","title":{"rendered":"Patronat"},"content":{"rendered":"\n<p><strong>Wydawnictwo Uniwersytetu Gda\u0144skiego obj\u0119\u0142o Sta\u0142ym Patronatem Honorowym <\/strong>konkurs o nagrod\u0119 Instytutu Metropolitalnego za najlepsz\u0105 prace dyplomow\u0105 o tematyce miejskiej lub metropolitalnej. Wydawnictwo przeka\u017ce r\u00f3wnie\u017c <strong>nagrody dla laureat\u00f3w naszego konkursu.<\/strong><\/p>\n\n\n\n<figure class=\"wp-block-image size-large is-resized is-style-default\"><img loading=\"lazy\" src=\"http:\/\/im.edu.pl\/konkurs\/wp-content\/uploads\/2021\/09\/WUG2-1024x397.jpeg\" alt=\"\" class=\"wp-image-432\" width=\"721\" height=\"279\" srcset=\"http:\/\/im.edu.pl\/konkurs\/wp-content\/uploads\/2021\/09\/WUG2-1024x397.jpeg 1024w, http:\/\/im.edu.pl\/konkurs\/wp-content\/uploads\/2021\/09\/WUG2-300x116.jpeg 300w, http:\/\/im.edu.pl\/konkurs\/wp-content\/uploads\/2021\/09\/WUG2-768x298.jpeg 768w, http:\/\/im.edu.pl\/konkurs\/wp-content\/uploads\/2021\/09\/WUG2.jpeg 1281w\" sizes=\"(max-width: 721px) 100vw, 721px\" \/><\/figure>\n\n\n\n<p><span style=\"text-decoration: underline;\">Kilka informacji o naszym Patronie: <\/span><\/p>\n\n\n\n<p><strong>Wydawnictwo Uniwersytetu Gda\u0144skiego<\/strong> &#8211; zosta\u0142o powo\u0142ane z po\u0142\u0105czenia dw\u00f3ch dzia\u0142\u00f3w wydawniczych Wy\u017cszej Szko\u0142y Ekonomicznej w Sopocie i Wy\u017cszej Szko\u0142y Pedagogicznej w Gda\u0144sku. Obecnie jest to najstarsza i najwi\u0119ksza oficyna wydawnicza w p\u00f3\u0142nocnej Polsce. Zajmuje si\u0119 publikowaniem r\u00f3\u017cnorodnym m.in. podr\u0119cznik\u00f3w akademickich, monografii, rozpraw, dzie\u0142 literackich oraz publikacji ci\u0105g\u0142ych i dokumentalnych. Wydawnictwo Uniwersytetu Gda\u0144skiego zosta\u0142o powo\u0142ane w 1970 roku. Przez 45 lat dzia\u0142alno\u015bci ukaza\u0142o si\u0119 ponad 3 tysi\u0105ce tytu\u0142\u00f3w o \u0142\u0105cznej obj\u0119to\u015bci przekraczaj\u0105cej 50 tysi\u0119cy arkuszy wydawniczych. Wiele wydanych ksi\u0105\u017cek decyduje o randze Uniwersytetu Gda\u0144skiego w ca\u0142ej Polsce.<\/p>\n\n\n\n<p><strong>Adres WWW<\/strong>: <a href=\"https:\/\/wyd.ug.edu.pl\">https:\/\/wyd.ug.edu.pl<\/a><\/p>\n","protected":false},"excerpt":{"rendered":"<p>Wydawnictwo Uniwersytetu Gda\u0144skiego obj\u0119\u0142o Sta\u0142ym Patronatem Honorowym konkurs o nagrod\u0119 Instytutu Metropolitalnego za najlepsz\u0105 prace dyplomow\u0105 o tematyce miejskiej lub metropolitalnej. Wydawnictwo przeka\u017ce r\u00f3wnie\u017c nagrody dla laureat\u00f3w naszego konkursu. Kilka informacji o naszym Patronie: Wydawnictwo Uniwersytetu Gda\u0144skiego &#8211; zosta\u0142o powo\u0142ane z po\u0142\u0105czenia dw\u00f3ch dzia\u0142\u00f3w wydawniczych Wy\u017cszej Szko\u0142y Ekonomicznej w Sopocie i Wy\u017cszej Szko\u0142y Pedagogicznej w [&hellip;]<\/p>\n","protected":false},"author":1,"featured_media":0,"parent":0,"menu_order":0,"comment_status":"closed","ping_status":"closed","template":"","meta":[],"_links":{"self":[{"href":"http:\/\/im.edu.pl\/konkurs\/wp-json\/wp\/v2\/pages\/434"}],"collection":[{"href":"http:\/\/im.edu.pl\/konkurs\/wp-json\/wp\/v2\/pages"}],"about":[{"href":"http:\/\/im.edu.pl\/konkurs\/wp-json\/wp\/v2\/types\/page"}],"author":[{"embeddable":true,"href":"http:\/\/im.edu.pl\/konkurs\/wp-json\/wp\/v2\/users\/1"}],"replies":[{"embeddable":true,"href":"http:\/\/im.edu.pl\/konkurs\/wp-json\/wp\/v2\/comments?post=434"}],"version-history":[{"count":2,"href":"http:\/\/im.edu.pl\/konkurs\/wp-json\/wp\/v2\/pages\/434\/revisions"}],"predecessor-version":[{"id":437,"href":"http:\/\/im.edu.pl\/konkurs\/wp-json\/wp\/v2\/pages\/434\/revisions\/437"}],"wp:attachment":[{"href":"http:\/\/im.edu.pl\/konkurs\/wp-json\/wp\/v2\/media?parent=434"}],"curies":[{"name":"wp","href":"https:\/\/api.w.org\/{rel}","templated":true}]}}